s -5 - -3232?
3224
In base 6, what is -5 + -23021530?
-23021535
In base 14, what is -a6d0 + 1b?
-a6b3
In base 7, what is 55 + 21264?
21352
In base 3, what is -10112112 + -221?
-10120110
In base 8, what is 2326250 + -1?
2326247
In base 14, what is 2 + -690a?
-6908
In base 4, what is -20112 + -20?
-20132
In base 12, what is -28696 - 0?
-28696
In base 3, what is -2 - 22021102?
-22021111
In base 15, what is 4e - -27b?
2ca
In base 8, what is -11 - -21226?
21215
In base 14, what is 829 + -15?
814
In base 5, what is -2120322 + -131?
-2121003
In base 6, what is -3 + -4422243?
-4422250
In base 10, what is 0 + -1091047?
-1091047
In base 3, what is -211 - -12121220?
12121002
In base 7, what is -2101 + 6030?
3626
In base 2, what is 1000 - -10000011000010000?
10000011000011000
In base 7, what is 141136 + -1?
141135
In base 2, what is 10011111101001 - 10011?
10011111010110
In base 3, what is -2120120 - 12?
-2120202
In base 13, what is 8399 - -3?
839c
In base 10, what is -56841 - 0?
-56841
In base 7, what is -112234 - -2?
-112232
In base 4, what is -31322 + 3130?
-22132
In base 5, what is -1124001 - -1?
-1124000
In base 5, what is -234 + 1110?
321
In base 7, what is 33 + -36226?
-36163
In base 11, what is -44aa6 - -3?
-44aa3
In base 2, what is -101100 + 1011100100?
1010111000
In base 6, what is 42032115 - -3?
42032122
In base 2, what is 101 - 1110010010111101?
-1110010010111000
In base 12, what is -527 - a7?
-612
In base 6, what is -12 - 211520?
-211532
In base 6, what is 123450 + -415?
123031
In base 6, what is -5 + -4533535?
-4533544
In base 16, what is d1 + 60?
131
In base 10, what is -2 + 94427?
94425
In base 7, what is -1014313 + 5?
-1014305
In base 4, what is -2023300 + 12?
-2023222
In base 15, what is -9 + 10b0?
10a6
In base 9, what is 33 + -372?
-338
In base 3, what is 2111001100220 + -2?
2111001100211
In base 5, what is 1032 - -1413?
3000
In base 5, what is 122020 + -24?
121441
In base 2, what is -10101110100101 - 100?
-10101110101001
In base 2, what is -111 + 10100101100101?
10100101011110
In base 3, what is 100022 - 121201?
-21102
In base 11, what is 2662202 + 4?
2662206
In base 14, what is 1612 - -4b?
165d
In base 5, what is -1 + 431342?
431341
In base 3, what is -10112202110 + -1?
-10112202111
In base 8, what is 330125 + 3?
330130
In base 12, what is -9a2a - -37?
-99b3
In base 11, what is -33 - 13782?
-13805
In base 12, what is 0 - 7b671?
-7b671
In base 10, what is -70555 - 4?
-70559
In base 7, what is -13 - -10422?
10406
In base 5, what is -10023344 + 1?
-10023343
In base 7, what is 3 + 12555?
12561
In base 4, what is -21000110 + -2?
-21000112
In base 5, what is -31 + -1120140?
-1120221
In base 7, what is 2 - -226066?
226101
In base 3, what is 11201001222000 - 2?
11201001221221
In base 14, what is 4 + d7c4?
d7c8
In base 4, what is 32120 - -212200?
310320
In base 9, what is -254557 - 28?
-254586
In base 12, what is 12aa3 - 4?
12a9b
In base 14, what is 4 - -31021?
31025
In base 13, what is -1 + 58c8?
58c7
In base 5, what is -4 + 32133412?
32133403
In base 2, what is -101111101 - 1101101101100?
-1110011101001
In base 15, what is -1183 + -7d9?
-196c
In base 5, what is -11 + -333034?
-333100
In base 14, what is 23c04 + -1?
23c03
In base 14, what is 4d + -2b2?
-263
In base 9, what is 6 - -35137?
35144
In base 8, what is 3766 - 72?
3674
In base 9, what is -10312 - 478?
-10801
In base 4, what is -2 + 112321201?
112321133
In base 8, what is 31 - -41?
72
In base 5, what is -1 - 301103?
-301104
In base 13, what is 4 + 4155?
4159
In base 10, what is -2743 + 0?
-2743
In base 2, what is 110100100 + -100010010011001?
-100001011110101
In base 6, what is 3212 + -533?
2235
In base 14, what is -40d0 + -4?
-40d4
In base 11, what is -2322 - -11?
-2311
In base 9, what is 2 + -24571?
-24568
In base 2, what is 101111 + -111010110011001?
-111010101101010
In base 9, what is -3 - 162287?
-162301
In base 2, what is -1011010000100 - 1100110?
-1011011101010
In base 6, what is -143 + 1540512?
1540325
In base 13, what is -a1a5 + -2?
-a1a7
In base 8, what is 3303 - 1664?
1417
In base 9, what is -2882 - 208?
-3201
In base 4, what is -3 + 202121112?
202121103
In base 6, what is -135135 - 3?
-135142
In base 11, what is 3a - -65343?
65382
In base 2, what is -1001100110010110 + -1?
-1001100110010111
In base 10, what is -2 + 245?
243
In base 14, what is -3d - a2d2?
-a331
In base 9, what is 163 + -435?
-262
In base 12, what is -6800 - 24?
-6824
In base 3, what is 21210102 + 1?
21210110
In base 12, what is -24 + -285?
-2a9
In base 15, what is -11c + -14a?
-267
In base 16, what is -179932 + 4?
-17992e
In base 16, what is -28c0 - -3?
-28bd
In base 10, what is -7489 + -11?
-7500
In base 12, what is -8414 + -4?
-8418
In base 5, what is 1 + -4203044?
-4203043
In base 3, what is -2020100 - -1010?
-2012020
In base 13, what is 1 + -17416c?
-17416b
In base 7, what is 2512 - 53?
2426
In base 4, what is 11 - 21111312?
-21111301
In base 15, what is -b3 + -101?
-1b4
In base 3, what is 1001002212 + -1201?
1001001011
In base 16, what is 3 + -1d266?
-1d263
In base 8, what is -2 - 2030420?
-2030422
In base 14, what is -85d - -30?
-82d
In base 15, what is -d - 24d0?
-24dd
In base 3, what is 20111111 + -102?
20111002
In base 14, what is -74b + -45?
-792
In base 15, what is -83 - 29?
-ac
In base 5, what is -113 - -13324?
13211
In base 6, what is 143452240 + -4?
143452232
In base 10, what is 3 + 63598?
63601
In base 16, what is -d3 + 336?
263
In base 11, what is 1 - -17126?
17127
In base 3, what is -2 - 2012112100?
-2012112102
In base 2, what is -11010 + 1001000001?
1000100111
In base 7, what is 1365153 - 15?
1365135
In base 8, what is 325763 + -2?
325761
In base 11, what is 2 - 34514?
-34512
In base 4, what is -10 - -2133221?
2133211
In base 12, what is -5 + -1604a2?
-1604a7
In base 13, what is 3307 - -318?
3622
In base 12, what is -35a866 + 2?
-35a864
In base 14, what is -15a9 + 8?
-15a1
In base 9, what is -23584 + -5?
-23600
In base 10, what is 0 - 90055?
-90055
In base 6, what is 21 - 3525?
-3504
In base 12, what is b51 - -2?
b53
In base 7, what is 226 - 62536?
-62310
In base 13, what is 5942 - -10?
5952
In base 8, what is -324544 + -2?
-324546
In base 12, what is -338 + 157?
-1a1
In base 13, what is -ac12a + -4?
-ac131
In base 3, what is -20 + -12221021?
-12221111
In base 14, what is 0 - -5b2d?
5b2d
In base 8, what is 600 - -525?
1325
In base 3, what is 12221102011 + -1?
12221102010
In base 9, what is -34 - 15387?
-15432
In base 10, what is -1675 + -1108?
-2783
In base 4, what is -1002 - -12123?
11121
In base 2, what is -10001 + 101000101?
100110100
In base 10, what is -1979 - 15?
-1994
In base 7, what is 10 - 36433?
-36423
In base 10, what is -14721 + 5?
-14716
In base 3, what is -2 - -210112020112?
210112020110
In base 13, what is -3aa + -c8?
-4a5
In base 13, what is 0 + -228?
-228
In base 3, what is 11110 - 12102?
-222
In base 10, what is 11 - -2437?
2448
In base 11, what is -13 - 2a25?
-2a38
In base 14, what is -1 + -206c5?
-206c6
In base 13, what is 16ba - -5b?
1748
In base 2, what is 1110010110 + -11100110001?
-1110011011
In base 16, what is -44c - -50b?
bf
In base 13, what is -6c + -440?
-4ac
In base 4, what is 22302210313 - -2?
22302210321
In base 5, what is -13 + 41242?
41224
In base 10, what is -54 - 987?
-1041
In base 15, what is -293743 + -3?
-293746
In base 7, what is 22620 - -2?
22622
In base 8, what is -21 - -21147?
21126
In base 9, what is -16246 - -4?
-16242
In base 7, what is -5131 - -54?
-5044
In base 15, what is -3 - 12d617?
-12d61a
In base 13, what is 8a71 - -4?
8a75
In base 8, what is -117666 + 0?
-117666
In base 7, what is 565 + -35?
530
In base 16, what is -877 - b1?
-928
In base 6, what is 2430554 + -43?
2430511
In base 13, what is 3 - 2b6b?
-2b68
In base 12, what is 8046 + 4?
804a
In base 7, what is -2 - -551003?
551001
In base 16, what is -65a7 - 8?
-65af
In base 15, what is -30 - -1043?
1013
In base 10, what is 0 - -100058?
100058
In base 14, what is 16c8 + -19?
16ad
In base 10, what is -8 + 25754?
25746
In base 6, what is 0 - 1551452?
-1551452
In base 14, what is -11246 - 2?
-11248
In base 14, what is -538b - 19?
-53a6
In base 10, what is 24 + -1419?
-1395
In base 3, what is -202111101 + 10?
-202111021
In base 2, what is 100111 + 10100100010001?
10100100111000
In bas